{"id":38507,"date":"2025-07-18T17:33:11","date_gmt":"2025-07-18T17:33:11","guid":{"rendered":"https:\/\/sitios.udla.edu.ec\/proyectos\/?page_id=38507"},"modified":"2025-07-18T20:41:54","modified_gmt":"2025-07-18T20:41:54","slug":"webinar-gratuito-sindrome-de-alicia-en-el-pais-de-las-maravillas","status":"publish","type":"page","link":"https:\/\/sitios.udla.edu.ec\/proyectos\/webinar-gratuito-sindrome-de-alicia-en-el-pais-de-las-maravillas\/","title":{"rendered":"Webinar gratuito S\u00edndrome de Alicia en el Pa\u00eds de las Maravillas"},"content":{"rendered":"\t\t<div data-elementor-type=\"wp-page\" data-elementor-id=\"38507\" class=\"elementor elementor-38507\">\n\t\t\t\t<div class=\"elementor-element elementor-element-7499702 e-flex e-con-boxed e-con e-parent\" data-id=\"7499702\" data-element_type=\"container\" data-settings=\"{&quot;background_background&quot;:&quot;classic&quot;}\">\n\t\t\t\t\t<div class=\"e-con-inner\">\n\t\t<div class=\"elementor-element elementor-element-f68fe72 e-con-full e-flex e-con e-child\" data-id=\"f68fe72\" data-element_type=\"container\">\n\t\t\t\t<div class=\"elementor-element elementor-element-3e01537 elementor-invisible elementor-widget elementor-widget-image\" data-id=\"3e01537\" data-element_type=\"widget\" data-settings=\"{&quot;_animation&quot;:&quot;fadeInDown&quot;}\" data-widget_type=\"image.default\">\n\t\t\t\t<div class=\"elementor-widget-container\">\n\t\t\t\t\t\t\t\t\t\t\t\t\t<img fetchpriority=\"high\" decoding=\"async\" width=\"400\" height=\"157\" src=\"https:\/\/sitios.udla.edu.ec\/proyectos\/wp-content\/uploads\/2025\/01\/Logotipo-UDLA_blanco_1080x1080-1-1.png\" class=\"attachment-large size-large wp-image-35571\" alt=\"\" srcset=\"https:\/\/sitios.udla.edu.ec\/proyectos\/wp-content\/uploads\/2025\/01\/Logotipo-UDLA_blanco_1080x1080-1-1.png 400w, https:\/\/sitios.udla.edu.ec\/proyectos\/wp-content\/uploads\/2025\/01\/Logotipo-UDLA_blanco_1080x1080-1-1-300x118.png 300w\" sizes=\"(max-width: 400px) 100vw, 400px\" \/>\t\t\t\t\t\t\t\t\t\t\t\t\t<\/div>\n\t\t\t\t<\/div>\n\t\t\t\t<div class=\"elementor-element elementor-element-f754f3d elementor-invisible elementor-widget elementor-widget-heading\" data-id=\"f754f3d\" data-element_type=\"widget\" data-settings=\"{&quot;_animation&quot;:&quot;fadeInLeft&quot;}\" data-widget_type=\"heading.default\">\n\t\t\t\t<div class=\"elementor-widget-container\">\n\t\t\t<h1 class=\"elementor-heading-title elementor-size-default\">\ud83c\udf00 Webinar gratuito <\/h1>\t\t<\/div>\n\t\t\t\t<\/div>\n\t\t\t\t<div class=\"elementor-element elementor-element-15f832e elementor-invisible elementor-widget elementor-widget-heading\" data-id=\"15f832e\" data-element_type=\"widget\" data-settings=\"{&quot;_animation&quot;:&quot;fadeInLeft&quot;}\" data-widget_type=\"heading.default\">\n\t\t\t\t<div class=\"elementor-widget-container\">\n\t\t\t<h1 class=\"elementor-heading-title elementor-size-default\">\u201cS\u00edndrome de Alicia en el Pa\u00eds de las Maravillas\u201d \n<\/h1>\t\t<\/div>\n\t\t\t\t<\/div>\n\t\t\t\t<div class=\"elementor-element elementor-element-6532cef elementor-invisible elementor-widget elementor-widget-heading\" data-id=\"6532cef\" data-element_type=\"widget\" data-settings=\"{&quot;_animation&quot;:&quot;fadeInLeft&quot;}\" data-widget_type=\"heading.default\">\n\t\t\t\t<div class=\"elementor-widget-container\">\n\t\t\t<h1 class=\"elementor-heading-title elementor-size-default\"> Entre la fantas\u00eda literaria y la neuropsicolog\u00eda cl\u00ednica<\/h1>\t\t<\/div>\n\t\t\t\t<\/div>\n\t\t\t\t<\/div>\n\t\t<div class=\"elementor-element elementor-element-2d43a6e e-con-full e-flex e-con e-child\" data-id=\"2d43a6e\" data-element_type=\"container\">\n\t\t\t\t<\/div>\n\t\t\t\t\t<\/div>\n\t\t\t\t<\/div>\n\t\t<div class=\"elementor-element elementor-element-74cffee e-flex e-con-boxed e-con e-parent\" data-id=\"74cffee\" data-element_type=\"container\">\n\t\t\t\t\t<div class=\"e-con-inner\">\n\t\t\t\t\t<\/div>\n\t\t\t\t<\/div>\n\t\t<div class=\"elementor-element elementor-element-8847032 e-flex e-con-boxed e-con e-parent\" data-id=\"8847032\" data-element_type=\"container\">\n\t\t\t\t\t<div class=\"e-con-inner\">\n\t\t<div class=\"elementor-element elementor-element-e182ee8 e-con-full e-flex e-con e-child\" data-id=\"e182ee8\" data-element_type=\"container\">\n\t\t\t\t<\/div>\n\t\t<div class=\"elementor-element elementor-element-ab5a948 e-con-full e-flex e-con e-child\" data-id=\"ab5a948\" data-element_type=\"container\" id=\"#formulario\" data-settings=\"{&quot;background_background&quot;:&quot;classic&quot;}\">\n\t\t\t\t<div class=\"elementor-element elementor-element-3d4bda7 elementor-widget elementor-widget-shortcode\" data-id=\"3d4bda7\" data-element_type=\"widget\" data-widget_type=\"shortcode.default\">\n\t\t\t\t<div class=\"elementor-widget-container\">\n\t\t\t\t\t<div class=\"elementor-shortcode\">[forminator_form id=\"38528\"]<\/div>\n\t\t\t\t<\/div>\n\t\t\t\t<\/div>\n\t\t\t\t<\/div>\n\t\t\t\t\t<\/div>\n\t\t\t\t<\/div>\n\t\t\t\t<\/div>\n\t\t","protected":false},"excerpt":{"rendered":"<p>\ud83c\udf00 Webinar gratuito \u201cS\u00edndrome de Alicia en el Pa\u00eds de las Maravillas\u201d Entre la fantas\u00eda literaria y la neuropsicolog\u00eda cl\u00ednica Sobre el evento Alicia en el Pa\u00eds de las Maravillas no solo es una obra literaria cargada de imaginaci\u00f3n. Detr\u00e1s de sus descripciones distorsionadas del mundo, podr\u00eda esconderse una condici\u00f3n cl\u00ednica real: el S\u00edndrome de&#8230;<\/p>\n","protected":false},"author":1,"featured_media":0,"parent":0,"menu_order":0,"comment_status":"closed","ping_status":"closed","template":"elementor_canvas","meta":{"footnotes":""},"class_list":["post-38507","page","type-page","status-publish","hentry"],"_links":{"self":[{"href":"https:\/\/sitios.udla.edu.ec\/proyectos\/wp-json\/wp\/v2\/pages\/38507","targetHints":{"allow":["GET"]}}],"collection":[{"href":"https:\/\/sitios.udla.edu.ec\/proyectos\/wp-json\/wp\/v2\/pages"}],"about":[{"href":"https:\/\/sitios.udla.edu.ec\/proyectos\/wp-json\/wp\/v2\/types\/page"}],"author":[{"embeddable":true,"href":"https:\/\/sitios.udla.edu.ec\/proyectos\/wp-json\/wp\/v2\/users\/1"}],"replies":[{"embeddable":true,"href":"https:\/\/sitios.udla.edu.ec\/proyectos\/wp-json\/wp\/v2\/comments?post=38507"}],"version-history":[{"count":49,"href":"https:\/\/sitios.udla.edu.ec\/proyectos\/wp-json\/wp\/v2\/pages\/38507\/revisions"}],"predecessor-version":[{"id":38565,"href":"https:\/\/sitios.udla.edu.ec\/proyectos\/wp-json\/wp\/v2\/pages\/38507\/revisions\/38565"}],"wp:attachment":[{"href":"https:\/\/sitios.udla.edu.ec\/proyectos\/wp-json\/wp\/v2\/media?parent=38507"}],"curies":[{"name":"wp","href":"https:\/\/api.w.org\/{rel}","templated":true}]}}