{"id":4326,"date":"2021-03-11T17:41:07","date_gmt":"2021-03-11T22:41:07","guid":{"rendered":"https:\/\/sitios.udla.edu.ec\/internacional\/?page_id=4326"},"modified":"2021-12-10T15:36:49","modified_gmt":"2021-12-10T20:36:49","slug":"becas","status":"publish","type":"page","link":"https:\/\/sitios.udla.edu.ec\/internacional\/docentes\/becas\/","title":{"rendered":"Becas"},"content":{"rendered":"<p><div class=\"fusion-fullwidth fullwidth-box fusion-builder-row-1 fusion-flex-container nonhundred-percent-fullwidth non-hundred-percent-height-scrolling\" style=\"background-color: rgba(255,255,255,0);background-position: left top;background-repeat: no-repeat;border-width: 0px 0px 0px 0px;border-color:#e2e2e2;border-style:solid;\" ><div class=\"fusion-builder-row fusion-row fusion-flex-align-items-flex-start\" style=\"max-width:1248px;margin-left: calc(-4% \/ 2 );margin-right: calc(-4% \/ 2 );\"><div class=\"fusion-layout-column fusion_builder_column fusion-builder-column-0 fusion_builder_column_1_1 1_1 fusion-flex-column\"><div class=\"fusion-column-wrapper fusion-flex-justify-content-flex-start fusion-content-layout-column\" style=\"background-position:left top;background-repeat:no-repeat;-webkit-background-size:cover;-moz-background-size:cover;-o-background-size:cover;background-size:cover;padding: 0px 0px 0px 0px;\"><div style=\"text-align:center;\"><span class=\" fusion-imageframe imageframe-none imageframe-1 hover-type-none\" style=\"margin-bottom:25px;\"><img decoding=\"async\" width=\"600\" image_height=\"295\" image_id=\"7400\" src=\"https:\/\/sitios.udla.edu.ec\/internacional\/wp-content\/uploads\/2021\/12\/Becas-y-oportunidades-en-el-exterior_Mesa-de-trabajo-1-600x295.jpg\" class=\"img-responsive wp-image-7400\" srcset=\"https:\/\/sitios.udla.edu.ec\/internacional\/wp-content\/uploads\/2021\/12\/Becas-y-oportunidades-en-el-exterior_Mesa-de-trabajo-1-200x98.jpg 200w, https:\/\/sitios.udla.edu.ec\/internacional\/wp-content\/uploads\/2021\/12\/Becas-y-oportunidades-en-el-exterior_Mesa-de-trabajo-1-400x197.jpg 400w, https:\/\/sitios.udla.edu.ec\/internacional\/wp-content\/uploads\/2021\/12\/Becas-y-oportunidades-en-el-exterior_Mesa-de-trabajo-1-600x295.jpg 600w, https:\/\/sitios.udla.edu.ec\/internacional\/wp-content\/uploads\/2021\/12\/Becas-y-oportunidades-en-el-exterior_Mesa-de-trabajo-1-800x393.jpg 800w, https:\/\/sitios.udla.edu.ec\/internacional\/wp-content\/uploads\/2021\/12\/Becas-y-oportunidades-en-el-exterior_Mesa-de-trabajo-1-1200x590.jpg 1200w, https:\/\/sitios.udla.edu.ec\/internacional\/wp-content\/uploads\/2021\/12\/Becas-y-oportunidades-en-el-exterior_Mesa-de-trabajo-1.jpg 1251w\" sizes=\"(max-width: 640px) 100vw, 600px\" \/><\/span><\/div><div class=\"fusion-text fusion-text-1\" style=\"text-align:left;\"><p>En este espacio se publican las ofertas de becas proporcionadas por instituciones gubernamentales, privadas, nacionales e internacionales con el objetivo de poner en conocimiento de estudiantes y graduados UDLA las oportunidades de estudio de cuarto nivel.<\/p>\n<\/div><\/div><\/div><style type=\"text\/css\">.fusion-body .fusion-builder-column-0{width:100% !important;margin-top : 0px;margin-bottom : 0px;}.fusion-builder-column-0 > .fusion-column-wrapper {padding-top : 0px !important;padding-right : 0px !important;margin-right : 1.92%;padding-bottom : 0px !important;padding-left : 0px !important;margin-left : 1.92%;}@media only screen and (max-width:1024px) {.fusion-body .fusion-builder-column-0{width:100% !important;}.fusion-builder-column-0 > .fusion-column-wrapper {margin-right : 1.92%;margin-left : 1.92%;}}@media only screen and (max-width:640px) {.fusion-body .fusion-builder-column-0{width:100% !important;}.fusion-builder-column-0 > .fusion-column-wrapper {margin-right : 1.92%;margin-left : 1.92%;}}<\/style><\/div><style type=\"text\/css\">.fusion-body .fusion-flex-container.fusion-builder-row-1{ padding-top : 0px;margin-top : 0px;padding-right : 0px;padding-bottom : 20px;margin-bottom : 0px;padding-left : 0px;}<\/style><\/div><div class=\"fusion-fullwidth fullwidth-box fusion-builder-row-2 fusion-flex-container nonhundred-percent-fullwidth non-hundred-percent-height-scrolling\" style=\"background-color: rgba(255,255,255,0);background-position: center center;background-repeat: no-repeat;border-width: 0px 0px 0px 0px;border-color:#e2e2e2;border-style:solid;\" ><div class=\"fusion-builder-row fusion-row fusion-flex-align-items-flex-start\" style=\"max-width:1248px;margin-left: calc(-4% \/ 2 );margin-right: calc(-4% \/ 2 );\"><div class=\"fusion-layout-column fusion_builder_column fusion-builder-column-1 fusion_builder_column_1_6 1_6 fusion-flex-column fusion-no-small-visibility\"><div class=\"fusion-column-wrapper fusion-flex-justify-content-flex-start fusion-content-layout-column\" style=\"background-position:left top;background-repeat:no-repeat;-webkit-background-size:cover;-moz-background-size:cover;-o-background-size:cover;background-size:cover;padding: 0px 0px 0px 0px;\"><div class=\"fusion-separator fusion-full-width-sep\" style=\"align-self: center;margin-left: auto;margin-right: auto;margin-top:20px;width:100%;\"><\/div><\/div><\/div><style type=\"text\/css\">.fusion-body .fusion-builder-column-1{width:16.666666666667% !important;margin-top : 0px;margin-bottom : 20px;}.fusion-builder-column-1 > .fusion-column-wrapper {padding-top : 0px !important;padding-right : 0px !important;margin-right : 11.52%;padding-bottom : 0px !important;padding-left : 0px !important;margin-left : 11.52%;}@media only screen and (max-width:1024px) {.fusion-body .fusion-builder-column-1{width:16.666666666667% !important;}.fusion-builder-column-1 > .fusion-column-wrapper {margin-right : 11.52%;margin-left : 11.52%;}}@media only screen and (max-width:640px) {.fusion-body .fusion-builder-column-1{width:100% !important;}.fusion-builder-column-1 > .fusion-column-wrapper {margin-right : 1.92%;margin-left : 1.92%;}}<\/style><div class=\"fusion-layout-column fusion_builder_column fusion-builder-column-2 fusion_builder_column_2_3 2_3 fusion-flex-column\"><div class=\"fusion-column-wrapper fusion-flex-justify-content-flex-start fusion-content-layout-column\" style=\"background-position:left top;background-repeat:no-repeat;-webkit-background-size:cover;-moz-background-size:cover;-o-background-size:cover;background-size:cover;padding: 0px 0px 0px 0px;\">\n<div class=\"table-1\">\n<table width=\"100%\">\n<thead>\n<tr>\n<th align=\"left\"><strong>Instituci\u00f3n<\/strong><\/th>\n<th align=\"left\"><strong>Pa\u00eds<\/strong><\/th>\n<th align=\"left\"><strong>Detalles<\/strong><\/th>\n<\/tr>\n<\/thead>\n<tbody>\n<tr>\n<td align=\"left\">SENESCYT<\/td>\n<td align=\"left\">Varios<\/td>\n<td align=\"left\"><a href=\"https:\/\/servicios.senescyt.gob.ec\/convocatorias\/\" target=\"_blank\" rel=\"noopener noreferrer\">Convocatoria de Becas<\/a><\/td>\n<\/tr>\n<tr>\n<td align=\"left\">Servicio Alem\u00e1n de Intercambio Acad\u00e9mico\u202f(DAAD)<\/td>\n<td align=\"left\">Alemania<\/td>\n<td align=\"left\"><a href=\"https:\/\/quito.diplo.de\/ec-es\/themen\/kultur\/-\/1992610\" target=\"_blank\" rel=\"noopener noreferrer\">Representante en Quito<br \/>\n<\/a>\u202f<a href=\"https:\/\/www2.daad.de\/deutschland\/stipendium\/datenbank\/en\/21148-scholarship-database\/\" target=\"_blank\" rel=\"noopener noreferrer\">Becas de todo tipo y por estudios en ingl\u00e9s<\/a><\/td>\n<\/tr>\n<tr>\n<td align=\"left\">Varios<\/td>\n<td align=\"left\">Australia<\/td>\n<td align=\"left\"><a href=\"http:\/\/www.studyinaustralia.gov.au\/global\/australian-education\/scholarships\" target=\"_blank\" rel=\"noopener noreferrer\">Australia Award Scholarship, Endeavour Scholarship, International Postgraduate Research Scholarship, individual university scholarships<\/a><\/td>\n<\/tr>\n<tr>\n<td align=\"left\">Gobierno de Canad\u00e1<\/td>\n<td align=\"left\">Canad\u00e1<\/td>\n<td align=\"left\"><a href=\"http:\/\/www.scholarships-bourses.gc.ca\/scholarships-bourses\/non_can\/opportunities-opportunites.aspx?lang=eng\" target=\"_blank\" rel=\"noopener noreferrer\">Becas para extranjeros<\/a><\/td>\n<\/tr>\n<tr>\n<td align=\"left\">Gobierno de Chile<\/td>\n<td align=\"left\">Chile<\/td>\n<td align=\"left\"><a href=\"https:\/\/www.agci.cl\/becas\/becas-para-extranjeros\" target=\"_blank\" rel=\"noopener noreferrer\">Becas para extranjeros<\/a><\/td>\n<\/tr>\n<tr>\n<td align=\"left\">Gobierno de Corea<\/td>\n<td align=\"left\">Corea del Sur<\/td>\n<td align=\"left\"><a href=\"http:\/\/www.studyinkorea.go.kr\/es\/main.do\" target=\"_blank\" rel=\"noopener noreferrer\">Study in\u00a0Korea<\/a><\/td>\n<\/tr>\n<tr>\n<td align=\"left\">Fundaci\u00f3n Carolina<\/td>\n<td align=\"left\">Espa\u00f1a<\/td>\n<td align=\"left\"><a href=\"https:\/\/www.fundacioncarolina.es\/\" target=\"_blank\" rel=\"noopener noreferrer\">\u202fBecas para extranjeros<\/a><\/td>\n<\/tr>\n<tr>\n<td align=\"left\">Comisi\u00f3n\u00a0Fulbright<\/td>\n<td align=\"left\">Estados Unidos<\/td>\n<td align=\"left\"><a href=\"https:\/\/www.fulbright.org.ec\/web\/pag.php?c=577\" target=\"_blank\" rel=\"noopener noreferrer\">Becas para ecuatorianos<\/a><\/td>\n<\/tr>\n<tr>\n<td align=\"left\">Gobierno de Francia<\/td>\n<td align=\"left\">Francia<\/td>\n<td align=\"left\"><a href=\"https:\/\/www.equateur.campusfrance.org\/\" target=\"_blank\" rel=\"noopener noreferrer\">Campus France<\/a><\/td>\n<\/tr>\n<tr>\n<td align=\"left\">Foreign\u00a0&amp; Commonwealth Office<\/td>\n<td align=\"left\">Gran Breta\u00f1a<\/td>\n<td align=\"left\"><a href=\"http:\/\/www.chevening.org\/\" target=\"_blank\" rel=\"noopener noreferrer\">Chevening\u00a0scholarship<\/a><\/td>\n<\/tr>\n<tr>\n<td align=\"left\">Gobierno de Jap\u00f3n<\/td>\n<td align=\"left\">Jap\u00f3n<\/td>\n<td align=\"left\">\u202f<a href=\"http:\/\/www.ec.emb-japan.go.jp\/beca_es.htm\" target=\"_blank\" rel=\"noopener noreferrer\">Programa de becas universitarios y de investigaci\u00f3n<br \/>\n<\/a><\/td>\n<\/tr>\n<tr>\n<td align=\"left\">Gobierno de M\u00e9xico<\/td>\n<td align=\"left\">M\u00e9xico<\/td>\n<td align=\"left\"><a href=\"https:\/\/www.gob.mx\/amexcid\" target=\"_blank\" rel=\"noopener noreferrer\">Becas para extranjeros<\/a><\/td>\n<\/tr>\n<tr>\n<td align=\"left\">Oficina Comercial de\u00a0Taiwan\u00a0en Ecuador<\/td>\n<td align=\"left\">Taiwan<\/td>\n<td align=\"left\"><a href=\"https:\/\/www.roc-taiwan.org\/ec_es\/cat\/10.html\" target=\"_blank\" rel=\"noopener noreferrer\">Becas y Estudios<\/a><\/td>\n<\/tr>\n<tr>\n<td align=\"left\">Gobierno de Turqu\u00eda<\/td>\n<td align=\"left\">Turqu\u00eda<\/td>\n<td align=\"left\"><a href=\"http:\/\/www.turkiyeburslari.gov.tr\/en\/\" target=\"_blank\" rel=\"noopener noreferrer\">T\u00fcrkiye\u00a0Scholarships<\/a><\/td>\n<\/tr>\n<tr>\n<td align=\"left\">International\u00a0Scholarships\u00a0for\u00a0Development<\/td>\n<td align=\"left\">Varios<\/td>\n<td align=\"left\"><a href=\"http:\/\/www.scholars4dev.com\/\" target=\"_blank\" rel=\"noopener noreferrer\">Becas internacionales para personas de pa\u00edses en desarrollo<\/a><\/td>\n<\/tr>\n<\/tbody>\n<\/table>\n<\/div>\n<div class=\"fusion-separator fusion-full-width-sep\" style=\"align-self: center;margin-left: auto;margin-right: auto;margin-top:10px;width:100%;\"><\/div><div class=\"fusion-text fusion-text-2\" style=\"text-align:left;\"><p>* A veces las Embajadas y los Consulados ofrecen becas para estudiar en sus pa\u00edses. Revisa la p\u00e1gina web de la oficina del pa\u00eds en donde aspiras estudiar, para ver si hay una convocatoria.<\/p>\n<\/div><\/div><\/div><style type=\"text\/css\">.fusion-body .fusion-builder-column-2{width:66.666666666667% !important;margin-top : 0px;margin-bottom : 30px;}.fusion-builder-column-2 > .fusion-column-wrapper {padding-top : 0px !important;padding-right : 0px !important;margin-right : 2.88%;padding-bottom : 0px !important;padding-left : 0px !important;margin-left : 2.88%;}@media only screen and (max-width:1024px) {.fusion-body .fusion-builder-column-2{width:66.666666666667% !important;}.fusion-builder-column-2 > .fusion-column-wrapper {margin-right : 2.88%;margin-left : 2.88%;}}@media only screen and (max-width:640px) {.fusion-body .fusion-builder-column-2{width:100% !important;}.fusion-builder-column-2 > .fusion-column-wrapper {margin-right : 1.92%;margin-left : 1.92%;}}<\/style><div class=\"fusion-layout-column fusion_builder_column fusion-builder-column-3 fusion_builder_column_1_6 1_6 fusion-flex-column fusion-no-small-visibility\"><div class=\"fusion-column-wrapper fusion-flex-justify-content-flex-start fusion-content-layout-column\" style=\"background-position:left top;background-repeat:no-repeat;-webkit-background-size:cover;-moz-background-size:cover;-o-background-size:cover;background-size:cover;padding: 0px 0px 0px 0px;\"><\/div><\/div><style type=\"text\/css\">.fusion-body .fusion-builder-column-3{width:16.666666666667% !important;margin-top : 0px;margin-bottom : 20px;}.fusion-builder-column-3 > .fusion-column-wrapper {padding-top : 0px !important;padding-right : 0px !important;margin-right : 11.52%;padding-bottom : 0px !important;padding-left : 0px !important;margin-left : 11.52%;}@media only screen and (max-width:1024px) {.fusion-body .fusion-builder-column-3{width:16.666666666667% !important;}.fusion-builder-column-3 > .fusion-column-wrapper {margin-right : 11.52%;margin-left : 11.52%;}}@media only screen and (max-width:640px) {.fusion-body .fusion-builder-column-3{width:100% !important;}.fusion-builder-column-3 > .fusion-column-wrapper {margin-right : 1.92%;margin-left : 1.92%;}}<\/style><\/div><style type=\"text\/css\">.fusion-body .fusion-flex-container.fusion-builder-row-2{ padding-top : 0px;margin-top : 25px;padding-right : 0px;padding-bottom : 150px;margin-bottom : 0px;padding-left : 0px;}<\/style><\/div><\/p>\n","protected":false},"excerpt":{"rendered":"","protected":false},"author":1,"featured_media":0,"parent":3330,"menu_order":5,"comment_status":"closed","ping_status":"closed","template":"100-width.php","meta":{"content-type":"","footnotes":"","_links_to":"","_links_to_target":""},"class_list":["post-4326","page","type-page","status-publish","hentry"],"_links":{"self":[{"href":"https:\/\/sitios.udla.edu.ec\/internacional\/wp-json\/wp\/v2\/pages\/4326","targetHints":{"allow":["GET"]}}],"collection":[{"href":"https:\/\/sitios.udla.edu.ec\/internacional\/wp-json\/wp\/v2\/pages"}],"about":[{"href":"https:\/\/sitios.udla.edu.ec\/internacional\/wp-json\/wp\/v2\/types\/page"}],"author":[{"embeddable":true,"href":"https:\/\/sitios.udla.edu.ec\/internacional\/wp-json\/wp\/v2\/users\/1"}],"replies":[{"embeddable":true,"href":"https:\/\/sitios.udla.edu.ec\/internacional\/wp-json\/wp\/v2\/comments?post=4326"}],"version-history":[{"count":16,"href":"https:\/\/sitios.udla.edu.ec\/internacional\/wp-json\/wp\/v2\/pages\/4326\/revisions"}],"predecessor-version":[{"id":7406,"href":"https:\/\/sitios.udla.edu.ec\/internacional\/wp-json\/wp\/v2\/pages\/4326\/revisions\/7406"}],"up":[{"embeddable":true,"href":"https:\/\/sitios.udla.edu.ec\/internacional\/wp-json\/wp\/v2\/pages\/3330"}],"wp:attachment":[{"href":"https:\/\/sitios.udla.edu.ec\/internacional\/wp-json\/wp\/v2\/media?parent=4326"}],"curies":[{"name":"wp","href":"https:\/\/api.w.org\/{rel}","templated":true}]}}