{"id":7318,"date":"2023-06-22T16:33:17","date_gmt":"2023-06-22T21:33:17","guid":{"rendered":"https:\/\/sitios.udla.edu.ec\/fica\/?page_id=7318"},"modified":"2025-02-24T15:31:18","modified_gmt":"2025-02-24T20:31:18","slug":"docentes-ingenieria-en-telecomunicaciones","status":"publish","type":"page","link":"https:\/\/sitios.udla.edu.ec\/fica\/docentes-ingenieria-en-telecomunicaciones\/","title":{"rendered":"Docentes Ingenier\u00eda en Telecomunicaciones"},"content":{"rendered":"\t\t<div data-elementor-type=\"wp-page\" data-elementor-id=\"7318\" class=\"elementor elementor-7318\" data-elementor-post-type=\"page\">\n\t\t\t\t\t\t<section class=\"elementor-section elementor-top-section elementor-element elementor-element-113acbb elementor-section-full_width elementor-section-height-default elementor-section-height-default\" data-id=\"113acbb\" data-element_type=\"section\">\n\t\t\t\t\t\t<div class=\"elementor-container elementor-column-gap-default\">\n\t\t\t\t\t<div class=\"elementor-column elementor-col-100 elementor-top-column elementor-element elementor-element-94aa6c6\" data-id=\"94aa6c6\" data-element_type=\"column\">\n\t\t\t<div class=\"elementor-widget-wrap elementor-element-populated\">\n\t\t\t\t\t\t<div class=\"elementor-element elementor-element-551e75c elementor-widget elementor-widget-heading\" data-id=\"551e75c\" data-element_type=\"widget\" data-widget_type=\"heading.default\">\n\t\t\t\t<div class=\"elementor-widget-container\">\n\t\t\t\t\t<h2 class=\"elementor-heading-title elementor-size-default\">Conoce nuestro cuerpo docente<\/h2>\t\t\t\t<\/div>\n\t\t\t\t<\/div>\n\t\t\t\t<div class=\"elementor-element elementor-element-9c67c2d elementor-widget-divider--view-line elementor-widget elementor-widget-divider\" data-id=\"9c67c2d\" data-element_type=\"widget\" data-widget_type=\"divider.default\">\n\t\t\t\t<div class=\"elementor-widget-container\">\n\t\t\t\t\t\t\t<div class=\"elementor-divider\">\n\t\t\t<span class=\"elementor-divider-separator\">\n\t\t\t\t\t\t<\/span>\n\t\t<\/div>\n\t\t\t\t\t\t<\/div>\n\t\t\t\t<\/div>\n\t\t\t\t<div class=\"elementor-element elementor-element-56fe820 elementor-widget elementor-widget-shortcode\" data-id=\"56fe820\" data-element_type=\"widget\" data-widget_type=\"shortcode.default\">\n\t\t\t\t<div class=\"elementor-widget-container\">\n\t\t\t\t\t\t\t<div class=\"elementor-shortcode\">\r\n<div class=\"wp-tsasp-team-wrp wp-tsasp-team-grid-wrp wptsasp-clearfix \" popup-conf=\"{&quot;popup_gallery&quot;:&quot;true&quot;}\">\r\n\t<div class=\"wp-teamshowcase-grid wp-tsasp-teamshowcase wp-tsasp-design-7 wp-tsasp-popup-js wp-tsasp-no-offset wp-tsasp-image-fit wptsasp-clearfix\" id=\"wp-tsasp-team-1\">\r\n<div class=\"wp-tsasp-team-grid wptsas-medium-3 wptsas-columns  wp-tsasp-team-7250 wp-tsasp-first wp-tsasp-no-img wp-tsasp-team-cat-141 wp-tsasp-team-cat-150\" style=\"\">\r\n\t<div class=\"wp-tsasp-team-member\">\r\n\t\t<div class=\"wp-tsasp-team-member-bg\">\r\n\t\t\t<div class=\"wp-tsasp-team-img wp-tsasp-team-avatar-bg\">\r\n\r\n\t\t\t\t\t\t\t\t\t<div class=\"wp-tsasp-link-outer\">\r\n\t\t\t\t\t\t<a class=\"wp-tsasp-popup-link\" href=\"javascript:void(0);\" data-mfp-src=\"#popup-2\"><i class=\"fa fa-info\"><\/i><\/a>\r\n\t\t\t\t\t<\/div>\r\n\t\t\t\t\r\n\t\t\t<\/div>\r\n\r\n\t\t\t<div class=\"wp-tsasp-team-detail\">\r\n\t\t\t\t<div class=\"wp-tsasp-team-name\">Nathaly Ver\u00f3nica Orozco Garz\u00f3n<\/div>\r\n\t\t\t\t\r\n\t\t\t\t\t\t\t\t\t<div class=\"wp-tsasp-team-data\">\r\n\t\t\t\t\t\tDocente Investigador\t\t\t\t\t<\/div>\r\n\t\t\t\t\t\t\t\t<hr>\r\n\t\t\t\t\r\n\t\t\t\t\r\n\t\t\t<\/div>\r\n\t\t<\/div>\r\n\t<\/div>\r\n<\/div>\r\n<div class=\"wp-tsasp-team-grid wptsas-medium-3 wptsas-columns  wp-tsasp-team-7251 wp-tsasp-no-img wp-tsasp-team-cat-141 wp-tsasp-team-cat-150\" style=\"\">\r\n\t<div class=\"wp-tsasp-team-member\">\r\n\t\t<div class=\"wp-tsasp-team-member-bg\">\r\n\t\t\t<div class=\"wp-tsasp-team-img wp-tsasp-team-avatar-bg\">\r\n\r\n\t\t\t\t\t\t\t\t\t<div class=\"wp-tsasp-link-outer\">\r\n\t\t\t\t\t\t<a class=\"wp-tsasp-popup-link\" href=\"javascript:void(0);\" data-mfp-src=\"#popup-3\"><i class=\"fa fa-info\"><\/i><\/a>\r\n\t\t\t\t\t<\/div>\r\n\t\t\t\t\r\n\t\t\t<\/div>\r\n\r\n\t\t\t<div class=\"wp-tsasp-team-detail\">\r\n\t\t\t\t<div class=\"wp-tsasp-team-name\">Iv\u00e1n Ricardo S\u00e1nchez Salazar<\/div>\r\n\t\t\t\t\r\n\t\t\t\t\t\t\t\t\t<div class=\"wp-tsasp-team-data\">\r\n\t\t\t\t\t\tDocente Ingenier\u00eda en Telecomunicaciones\t\t\t\t\t<\/div>\r\n\t\t\t\t\t\t\t\t<hr>\r\n\t\t\t\t\r\n\t\t\t\t\r\n\t\t\t<\/div>\r\n\t\t<\/div>\r\n\t<\/div>\r\n<\/div>\r\n<div class=\"wp-tsasp-team-grid wptsas-medium-3 wptsas-columns  wp-tsasp-team-7252 wp-tsasp-no-img wp-tsasp-team-cat-141 wp-tsasp-team-cat-150\" style=\"\">\r\n\t<div class=\"wp-tsasp-team-member\">\r\n\t\t<div class=\"wp-tsasp-team-member-bg\">\r\n\t\t\t<div class=\"wp-tsasp-team-img wp-tsasp-team-avatar-bg\">\r\n\r\n\t\t\t\t\t\t\t\t\t<div class=\"wp-tsasp-link-outer\">\r\n\t\t\t\t\t\t<a class=\"wp-tsasp-popup-link\" href=\"javascript:void(0);\" data-mfp-src=\"#popup-4\"><i class=\"fa fa-info\"><\/i><\/a>\r\n\t\t\t\t\t<\/div>\r\n\t\t\t\t\r\n\t\t\t<\/div>\r\n\r\n\t\t\t<div class=\"wp-tsasp-team-detail\">\r\n\t\t\t\t<div class=\"wp-tsasp-team-name\">Henry Ramiro Carvajal Mora<\/div>\r\n\t\t\t\t\r\n\t\t\t\t\t\t\t\t\t<div class=\"wp-tsasp-team-data\">\r\n\t\t\t\t\t\tDocente \u2013 Investigador\t\t\t\t\t<\/div>\r\n\t\t\t\t\t\t\t\t<hr>\r\n\t\t\t\t\r\n\t\t\t\t\r\n\t\t\t<\/div>\r\n\t\t<\/div>\r\n\t<\/div>\r\n<\/div>\r\n<div class=\"wp-tsasp-team-grid wptsas-medium-3 wptsas-columns  wp-tsasp-team-7253 wp-tsasp-no-img wp-tsasp-team-cat-141 wp-tsasp-team-cat-150\" style=\"\">\r\n\t<div class=\"wp-tsasp-team-member\">\r\n\t\t<div class=\"wp-tsasp-team-member-bg\">\r\n\t\t\t<div class=\"wp-tsasp-team-img wp-tsasp-team-avatar-bg\">\r\n\r\n\t\t\t\t\t\t\t\t\t<div class=\"wp-tsasp-link-outer\">\r\n\t\t\t\t\t\t<a class=\"wp-tsasp-popup-link\" href=\"javascript:void(0);\" data-mfp-src=\"#popup-5\"><i class=\"fa fa-info\"><\/i><\/a>\r\n\t\t\t\t\t<\/div>\r\n\t\t\t\t\r\n\t\t\t<\/div>\r\n\r\n\t\t\t<div class=\"wp-tsasp-team-detail\">\r\n\t\t\t\t<div class=\"wp-tsasp-team-name\">Carlos Enrique Carri\u00f3n Betancourt<\/div>\r\n\t\t\t\t\r\n\t\t\t\t\t\t\t\t\t<div class=\"wp-tsasp-team-data\">\r\n\t\t\t\t\t\tDocente Ingenier\u00eda en Telecomunicaciones\t\t\t\t\t<\/div>\r\n\t\t\t\t\t\t\t\t<hr>\r\n\t\t\t\t\r\n\t\t\t\t\r\n\t\t\t<\/div>\r\n\t\t<\/div>\r\n\t<\/div>\r\n<\/div>\t<\/div>\r\n\r\n\t<\/div>\r\n<div id=\"popup-2\" class=\"wp-tsasp-popup-box wptsas-popup-design-1 wptsas-dark wp-tsasp-image-fit wp-tsasp-popup-content wptsasp-clearfix mfp-hide\">\r\n\t\r\n\t\r\n\t<div class=\"wp-tsasp-right-panel\">\r\n\t\t<div class=\"wp-tsasp-popup-header wp-tsasp-team-avatar-bg\">\r\n\r\n\t\t\t\r\n\t\t\t<span class=\"wp-tsasp-popup-close wp-tsasp-close-btn mfp-close\" title=\"Close\"><\/span>\r\n\r\n\t\t\t<div class=\"wp-tsasp-popup-member-info\">\r\n\t\t\t\t<div class=\"wp-tsasp-popup-member-name\">Nathaly Ver\u00f3nica Orozco Garz\u00f3n<\/div>\r\n\r\n\t\t\t\t\t\t\t\t\t<div class=\"wp-tsasp-popup-member-job\">\r\n\t\t\t\t\t\tDocente Investigador\t\t\t\t\t<\/div>\r\n\t\t\t\t\t\t\t<\/div>\r\n\t\t<\/div>\r\n\r\n\t\t<div class=\"wp-tsasp-popup-body\">\r\n\r\n\t\t\t<p><span style=\"color: #000000;\"><strong>PERFIL<\/strong><\/span><\/p>\n<p>Nathaly Orozco es docente-investigadora de la carrera de ingenier\u00eda en telecomunicaciones, desde el 2018. Obtuvo el t\u00edtulo de Ingeniera en Electr\u00f3nica y Telecomunicaciones de la Universidad de las Fuerzas Armadas &#8211; ESPE, en 2011. Obtuvo el t\u00edtulo de M\u00e1ster y Doctora en ingenier\u00eda el\u00e9ctrica en el \u00e1rea de telecomunicaciones y telem\u00e1tica de la Universidad Estatal de Campinas &#8211; UNICAMP, Brasil en 2014 y 2018, respectivamente. Sus \u00e1reas de investigaci\u00f3n se enfocan en sistemas oportunistas, redes cognitivas, comunicaciones inal\u00e1mbricas, MIMO, seguridad en capa f\u00edsica, y tecnolog\u00edas para sistemas m\u00f3viles 5G y 6G.<\/p>\n<p><span style=\"color: #000000;\"><strong>EXPERIENCIA<\/strong><\/span><\/p>\n<p>Se ha desempe\u00f1ado como analista en el \u00e1rea de regulaci\u00f3n y gesti\u00f3n del espectro radioel\u00e9ctrico en la Secretar\u00eda Nacional de Telecomunicaciones \u2013 SENATEL actualmente ARCOTEL. Adem\u00e1s, se desempe\u00f1\u00f3 como investigadora en la UNICAMP y Docente Universitaria en la ESPE.<\/p>\n<p>Es miembro Senior del Instituto de Ingenieros El\u00e9ctricos y Electr\u00f3nicos &#8211; IEEE de los Estados Unidos. Cuenta con publicaciones cient\u00edficas en revistas de alto impacto y en conferencias internacionales. Ha participado en proyectos de investigaci\u00f3n relacionados con comunicaciones inal\u00e1mbricas y t\u00e9cnicas para mejorar el desempe\u00f1o de sistemas m\u00f3viles celulares. Posee la certificaci\u00f3n HCIA-5G de Huawei y es instructora certificada de la ICT Academy de Huawei.<\/p>\n\t\t<\/div>\r\n\t<\/div>\r\n<\/div>\r\n<div id=\"popup-3\" class=\"wp-tsasp-popup-box wptsas-popup-design-1 wptsas-dark wp-tsasp-image-fit wp-tsasp-popup-content wptsasp-clearfix mfp-hide\">\r\n\t\r\n\t\r\n\t<div class=\"wp-tsasp-right-panel\">\r\n\t\t<div class=\"wp-tsasp-popup-header wp-tsasp-team-avatar-bg\">\r\n\r\n\t\t\t\r\n\t\t\t<span class=\"wp-tsasp-popup-close wp-tsasp-close-btn mfp-close\" title=\"Close\"><\/span>\r\n\r\n\t\t\t<div class=\"wp-tsasp-popup-member-info\">\r\n\t\t\t\t<div class=\"wp-tsasp-popup-member-name\">Iv\u00e1n Ricardo S\u00e1nchez Salazar<\/div>\r\n\r\n\t\t\t\t\t\t\t\t\t<div class=\"wp-tsasp-popup-member-job\">\r\n\t\t\t\t\t\tDocente Ingenier\u00eda en Telecomunicaciones\t\t\t\t\t<\/div>\r\n\t\t\t\t\t\t\t<\/div>\r\n\t\t<\/div>\r\n\r\n\t\t<div class=\"wp-tsasp-popup-body\">\r\n\r\n\t\t\t<p><strong>PERFIL<\/strong><\/p>\n<p>Iv\u00e1n S\u00e1nchez recibe el grado de Ingeniero en Electr\u00f3nica y Telecomunicaciones de la Escuela Polit\u00e9cnica Nacional (Quito-Ecuador) en el 2006, posteriormente obtuvo el grado de Magister en Calidad, Seguridad y Ambiente en la Universidad Central del Ecuador (Quito-Ecuador) en el 2015, actualmente cursa el programa de Doctorado en Ingenier\u00eda en Telecomunicaciones de la Universidad de M\u00e1laga.<\/p>\n<p><strong>EXPERIENCIA<\/strong><\/p>\n<p>En el campo laboral se desempe\u00f1\u00f3 como ingeniero en Desarrollo de Red (Telef\u00f3nica-Movistar), posteriormente trabaj\u00f3 en procesos de Fiscalizaci\u00f3n AENOR en el despliegue y modernizaci\u00f3n de BTS 3G y 4G y finalmente se desarroll\u00f3 consultor independiente en los procesos de Licenciamiento Ambiental para el despliegue de estaciones celulares CNT por medio de HUAWEI TECHNOLOGIES CO. LTD. Actualmente es docente de la Universidad de Las Am\u00e9ricas impartiendo c\u00e1tedras como Teor\u00eda Electromagn\u00e9tica, Hardware para Sistemas de Comunicaci\u00f3n y Proyectos de Titulaci\u00f3n. Su \u00e1rea de investigaci\u00f3n est\u00e1 orientada en la l\u00ednea de Unconventional Distributions for Wireless Fading Channel Modeling.<\/p>\n\t\t<\/div>\r\n\t<\/div>\r\n<\/div>\r\n<div id=\"popup-4\" class=\"wp-tsasp-popup-box wptsas-popup-design-1 wptsas-dark wp-tsasp-image-fit wp-tsasp-popup-content wptsasp-clearfix mfp-hide\">\r\n\t\r\n\t\r\n\t<div class=\"wp-tsasp-right-panel\">\r\n\t\t<div class=\"wp-tsasp-popup-header wp-tsasp-team-avatar-bg\">\r\n\r\n\t\t\t\r\n\t\t\t<span class=\"wp-tsasp-popup-close wp-tsasp-close-btn mfp-close\" title=\"Close\"><\/span>\r\n\r\n\t\t\t<div class=\"wp-tsasp-popup-member-info\">\r\n\t\t\t\t<div class=\"wp-tsasp-popup-member-name\">Henry Ramiro Carvajal Mora<\/div>\r\n\r\n\t\t\t\t\t\t\t\t\t<div class=\"wp-tsasp-popup-member-job\">\r\n\t\t\t\t\t\tDocente \u2013 Investigador\t\t\t\t\t<\/div>\r\n\t\t\t\t\t\t\t<\/div>\r\n\t\t<\/div>\r\n\r\n\t\t<div class=\"wp-tsasp-popup-body\">\r\n\r\n\t\t\t<p><strong>PERFIL<\/strong><\/p>\n<p>Ingeniero en Electr\u00f3nica y Telecomunicaciones por la Universidad de las Fuerzas Armadas-ESPE, en 2009, a\u00f1o en el que fue el mejor graduado de todas las ingenier\u00edas. M\u00e1ster (MSc) y Doctor (PhD) en ingenier\u00eda el\u00e9ctrica en el \u00e1rea de telecomunicaciones y telem\u00e1tica por la Universidad de Campinas (UNICAMP), Brasil, en 2014 y 2018, respectivamente. Miembro Senior del Instituto de Ingenieros El\u00e9ctricos y Electr\u00f3nicos (IEEE).<\/p>\n<p><strong>EXPERIENCIA<\/strong><\/p>\n<p>Trabaj\u00f3 como ingeniero en Siemens-Enterprise, analista de gesti\u00f3n del espectro radioel\u00e9ctrico en la Secretar\u00eda Nacional de Telecomunicaciones. Fue director del \u00e1rea de Transferencia de Tecnolog\u00eda en la SENESCYT. Posee la certificaci\u00f3n HCIA-5G de Huawei, donde adem\u00e1s es instructor certificado. Desde 2018 es docente-investigador de la carrera de ingenier\u00eda en telecomunicaciones de la UDLA. Ha sido director de tesis de maestr\u00eda y doctorado en universidades de Brasil. Cuenta con varias publicaciones cient\u00edficas en revistas de alto impacto. Sus \u00e1reas de investigaci\u00f3n son modelamiento de canales inal\u00e1mbricos y sistemas de telecomunicaciones, y tecnolog\u00edas para redes m\u00f3viles 5G y 6G.<\/p>\n\t\t<\/div>\r\n\t<\/div>\r\n<\/div>\r\n<div id=\"popup-5\" class=\"wp-tsasp-popup-box wptsas-popup-design-1 wptsas-dark wp-tsasp-image-fit wp-tsasp-popup-content wptsasp-clearfix mfp-hide\">\r\n\t\r\n\t\r\n\t<div class=\"wp-tsasp-right-panel\">\r\n\t\t<div class=\"wp-tsasp-popup-header wp-tsasp-team-avatar-bg\">\r\n\r\n\t\t\t\r\n\t\t\t<span class=\"wp-tsasp-popup-close wp-tsasp-close-btn mfp-close\" title=\"Close\"><\/span>\r\n\r\n\t\t\t<div class=\"wp-tsasp-popup-member-info\">\r\n\t\t\t\t<div class=\"wp-tsasp-popup-member-name\">Carlos Enrique Carri\u00f3n Betancourt<\/div>\r\n\r\n\t\t\t\t\t\t\t\t\t<div class=\"wp-tsasp-popup-member-job\">\r\n\t\t\t\t\t\tDocente Ingenier\u00eda en Telecomunicaciones\t\t\t\t\t<\/div>\r\n\t\t\t\t\t\t\t<\/div>\r\n\t\t<\/div>\r\n\r\n\t\t<div class=\"wp-tsasp-popup-body\">\r\n\r\n\t\t\t<p><strong>PERFIL<\/strong><\/p>\n<p>Ingeniero en Electr\u00f3nica y Telecomunicaciones por la Universidad T\u00e9cnica Particular de Loja, en 2007, posterior actu\u00f3 como docente a tiempo completo en la UTPL en el \u00e1rea de microelectr\u00f3nica y procesamiento Digital de Se\u00f1ales. M\u00e1ster (MSc) en ingenier\u00eda el\u00e9ctrica en el \u00e1rea de telecomunicaciones y telem\u00e1tica por la Universidad de Campinas (UNICAMP), Brasil, en 2014 y miembro del Instituto de Ingenieros El\u00e9ctricos y Electr\u00f3nicos (IEEE).<\/p>\n<p><strong>EXPERIENCIA<\/strong><\/p>\n<p>Trabaj\u00f3 como becario en la UTPL en el \u00e1rea de soporte t\u00e9cnico, y mantenimiento preventivo. Entr\u00f3 como docente en la UTPL, y ascendi\u00f3 al puesto de profesor en el \u00e1rea de prototipos en microelectr\u00f3nica, FPGA, y procesamiento digital de se\u00f1ales. Actu\u00f3 como investigador en el COMLAB en la Unicamp, en el laboratorio de procesamiento de se\u00f1ales para sistemas de comunicaciones, donde estudi\u00f3 su maestr\u00eda y continua con su proyecto de doctorado.<\/p>\n\t\t<\/div>\r\n\t<\/div>\r\n<\/div><\/div>\n\t\t\t\t\t\t<\/div>\n\t\t\t\t<\/div>\n\t\t\t\t\t<\/div>\n\t\t<\/div>\n\t\t\t\t\t<\/div>\n\t\t<\/section>\n\t\t\t\t<\/div>\n\t\t","protected":false},"excerpt":{"rendered":"<p>Conoce nuestro cuerpo docente<\/p>\n","protected":false},"author":1,"featured_media":0,"parent":0,"menu_order":0,"comment_status":"closed","ping_status":"closed","template":"","meta":{"_monsterinsights_skip_tracking":false,"_monsterinsights_sitenote_active":false,"_monsterinsights_sitenote_note":"","_monsterinsights_sitenote_category":0,"footnotes":""},"class_list":["post-7318","page","type-page","status-publish","hentry"],"yoast_head":"<!-- This site is optimized with the Yoast SEO plugin v25.4 - https:\/\/yoast.com\/wordpress\/plugins\/seo\/ -->\n<title>Docentes Ingenier\u00eda en Telecomunicaciones - FICA - UDLA<\/title>\n<meta name=\"robots\" content=\"index, follow, max-snippet:-1, max-image-preview:large, max-video-preview:-1\" \/>\n<link rel=\"canonical\" href=\"https:\/\/sitios.udla.edu.ec\/fica\/docentes-ingenieria-en-telecomunicaciones\/\" \/>\n<meta property=\"og:locale\" content=\"es_ES\" \/>\n<meta property=\"og:type\" content=\"article\" \/>\n<meta property=\"og:title\" content=\"Docentes Ingenier\u00eda en Telecomunicaciones - FICA - UDLA\" \/>\n<meta property=\"og:description\" content=\"Conoce nuestro cuerpo docente\" \/>\n<meta property=\"og:url\" content=\"https:\/\/sitios.udla.edu.ec\/fica\/docentes-ingenieria-en-telecomunicaciones\/\" \/>\n<meta property=\"og:site_name\" content=\"FICA - UDLA\" \/>\n<meta property=\"article:modified_time\" content=\"2025-02-24T20:31:18+00:00\" \/>\n<meta name=\"twitter:card\" content=\"summary_large_image\" \/>\n<meta name=\"twitter:label1\" content=\"Tiempo de lectura\" \/>\n\t<meta name=\"twitter:data1\" content=\"1 minuto\" \/>\n<script type=\"application\/ld+json\" class=\"yoast-schema-graph\">{\"@context\":\"https:\/\/schema.org\",\"@graph\":[{\"@type\":\"WebPage\",\"@id\":\"https:\/\/sitios.udla.edu.ec\/fica\/docentes-ingenieria-en-telecomunicaciones\/\",\"url\":\"https:\/\/sitios.udla.edu.ec\/fica\/docentes-ingenieria-en-telecomunicaciones\/\",\"name\":\"Docentes Ingenier\u00eda en Telecomunicaciones - FICA - UDLA\",\"isPartOf\":{\"@id\":\"https:\/\/sitios.udla.edu.ec\/fica\/#website\"},\"datePublished\":\"2023-06-22T21:33:17+00:00\",\"dateModified\":\"2025-02-24T20:31:18+00:00\",\"breadcrumb\":{\"@id\":\"https:\/\/sitios.udla.edu.ec\/fica\/docentes-ingenieria-en-telecomunicaciones\/#breadcrumb\"},\"inLanguage\":\"es\",\"potentialAction\":[{\"@type\":\"ReadAction\",\"target\":[\"https:\/\/sitios.udla.edu.ec\/fica\/docentes-ingenieria-en-telecomunicaciones\/\"]}]},{\"@type\":\"BreadcrumbList\",\"@id\":\"https:\/\/sitios.udla.edu.ec\/fica\/docentes-ingenieria-en-telecomunicaciones\/#breadcrumb\",\"itemListElement\":[{\"@type\":\"ListItem\",\"position\":1,\"name\":\"Portada\",\"item\":\"https:\/\/sitios.udla.edu.ec\/fica\/\"},{\"@type\":\"ListItem\",\"position\":2,\"name\":\"Docentes Ingenier\u00eda en Telecomunicaciones\"}]},{\"@type\":\"WebSite\",\"@id\":\"https:\/\/sitios.udla.edu.ec\/fica\/#website\",\"url\":\"https:\/\/sitios.udla.edu.ec\/fica\/\",\"name\":\"FICA - UDLA\",\"description\":\"Sitio de la Facultad de Ingenier\u00eda y Ciencias Aplicadas\",\"publisher\":{\"@id\":\"https:\/\/sitios.udla.edu.ec\/fica\/#organization\"},\"potentialAction\":[{\"@type\":\"SearchAction\",\"target\":{\"@type\":\"EntryPoint\",\"urlTemplate\":\"https:\/\/sitios.udla.edu.ec\/fica\/?s={search_term_string}\"},\"query-input\":{\"@type\":\"PropertyValueSpecification\",\"valueRequired\":true,\"valueName\":\"search_term_string\"}}],\"inLanguage\":\"es\"},{\"@type\":\"Organization\",\"@id\":\"https:\/\/sitios.udla.edu.ec\/fica\/#organization\",\"name\":\"FICA - UDLA\",\"url\":\"https:\/\/sitios.udla.edu.ec\/fica\/\",\"logo\":{\"@type\":\"ImageObject\",\"inLanguage\":\"es\",\"@id\":\"https:\/\/sitios.udla.edu.ec\/fica\/#\/schema\/logo\/image\/\",\"url\":\"https:\/\/sitios.udla.edu.ec\/fica\/wp-content\/uploads\/2024\/11\/cropped-cropped-logo-fica-verde-1.jpg\",\"contentUrl\":\"https:\/\/sitios.udla.edu.ec\/fica\/wp-content\/uploads\/2024\/11\/cropped-cropped-logo-fica-verde-1.jpg\",\"width\":499,\"height\":109,\"caption\":\"FICA - UDLA\"},\"image\":{\"@id\":\"https:\/\/sitios.udla.edu.ec\/fica\/#\/schema\/logo\/image\/\"}}]}<\/script>\n<!-- \/ Yoast SEO plugin. -->","yoast_head_json":{"title":"Docentes Ingenier\u00eda en Telecomunicaciones - FICA - UDLA","robots":{"index":"index","follow":"follow","max-snippet":"max-snippet:-1","max-image-preview":"max-image-preview:large","max-video-preview":"max-video-preview:-1"},"canonical":"https:\/\/sitios.udla.edu.ec\/fica\/docentes-ingenieria-en-telecomunicaciones\/","og_locale":"es_ES","og_type":"article","og_title":"Docentes Ingenier\u00eda en Telecomunicaciones - FICA - UDLA","og_description":"Conoce nuestro cuerpo docente","og_url":"https:\/\/sitios.udla.edu.ec\/fica\/docentes-ingenieria-en-telecomunicaciones\/","og_site_name":"FICA - UDLA","article_modified_time":"2025-02-24T20:31:18+00:00","twitter_card":"summary_large_image","twitter_misc":{"Tiempo de lectura":"1 minuto"},"schema":{"@context":"https:\/\/schema.org","@graph":[{"@type":"WebPage","@id":"https:\/\/sitios.udla.edu.ec\/fica\/docentes-ingenieria-en-telecomunicaciones\/","url":"https:\/\/sitios.udla.edu.ec\/fica\/docentes-ingenieria-en-telecomunicaciones\/","name":"Docentes Ingenier\u00eda en Telecomunicaciones - FICA - UDLA","isPartOf":{"@id":"https:\/\/sitios.udla.edu.ec\/fica\/#website"},"datePublished":"2023-06-22T21:33:17+00:00","dateModified":"2025-02-24T20:31:18+00:00","breadcrumb":{"@id":"https:\/\/sitios.udla.edu.ec\/fica\/docentes-ingenieria-en-telecomunicaciones\/#breadcrumb"},"inLanguage":"es","potentialAction":[{"@type":"ReadAction","target":["https:\/\/sitios.udla.edu.ec\/fica\/docentes-ingenieria-en-telecomunicaciones\/"]}]},{"@type":"BreadcrumbList","@id":"https:\/\/sitios.udla.edu.ec\/fica\/docentes-ingenieria-en-telecomunicaciones\/#breadcrumb","itemListElement":[{"@type":"ListItem","position":1,"name":"Portada","item":"https:\/\/sitios.udla.edu.ec\/fica\/"},{"@type":"ListItem","position":2,"name":"Docentes Ingenier\u00eda en Telecomunicaciones"}]},{"@type":"WebSite","@id":"https:\/\/sitios.udla.edu.ec\/fica\/#website","url":"https:\/\/sitios.udla.edu.ec\/fica\/","name":"FICA - UDLA","description":"Sitio de la Facultad de Ingenier\u00eda y Ciencias Aplicadas","publisher":{"@id":"https:\/\/sitios.udla.edu.ec\/fica\/#organization"},"potentialAction":[{"@type":"SearchAction","target":{"@type":"EntryPoint","urlTemplate":"https:\/\/sitios.udla.edu.ec\/fica\/?s={search_term_string}"},"query-input":{"@type":"PropertyValueSpecification","valueRequired":true,"valueName":"search_term_string"}}],"inLanguage":"es"},{"@type":"Organization","@id":"https:\/\/sitios.udla.edu.ec\/fica\/#organization","name":"FICA - UDLA","url":"https:\/\/sitios.udla.edu.ec\/fica\/","logo":{"@type":"ImageObject","inLanguage":"es","@id":"https:\/\/sitios.udla.edu.ec\/fica\/#\/schema\/logo\/image\/","url":"https:\/\/sitios.udla.edu.ec\/fica\/wp-content\/uploads\/2024\/11\/cropped-cropped-logo-fica-verde-1.jpg","contentUrl":"https:\/\/sitios.udla.edu.ec\/fica\/wp-content\/uploads\/2024\/11\/cropped-cropped-logo-fica-verde-1.jpg","width":499,"height":109,"caption":"FICA - UDLA"},"image":{"@id":"https:\/\/sitios.udla.edu.ec\/fica\/#\/schema\/logo\/image\/"}}]}},"_links":{"self":[{"href":"https:\/\/sitios.udla.edu.ec\/fica\/wp-json\/wp\/v2\/pages\/7318","targetHints":{"allow":["GET"]}}],"collection":[{"href":"https:\/\/sitios.udla.edu.ec\/fica\/wp-json\/wp\/v2\/pages"}],"about":[{"href":"https:\/\/sitios.udla.edu.ec\/fica\/wp-json\/wp\/v2\/types\/page"}],"author":[{"embeddable":true,"href":"https:\/\/sitios.udla.edu.ec\/fica\/wp-json\/wp\/v2\/users\/1"}],"replies":[{"embeddable":true,"href":"https:\/\/sitios.udla.edu.ec\/fica\/wp-json\/wp\/v2\/comments?post=7318"}],"version-history":[{"count":7,"href":"https:\/\/sitios.udla.edu.ec\/fica\/wp-json\/wp\/v2\/pages\/7318\/revisions"}],"predecessor-version":[{"id":9129,"href":"https:\/\/sitios.udla.edu.ec\/fica\/wp-json\/wp\/v2\/pages\/7318\/revisions\/9129"}],"wp:attachment":[{"href":"https:\/\/sitios.udla.edu.ec\/fica\/wp-json\/wp\/v2\/media?parent=7318"}],"curies":[{"name":"wp","href":"https:\/\/api.w.org\/{rel}","templated":true}]}}